se -3*q + 5 = -2*r, -r - 2 = -16*q + 14*q. Determine f(r).
20
Let c(y) = -5*y + 9*y + y + 7 - 4*y. Let g(t) = -5 + 2 + 4 + 6*t - 4*t**2 - 29*t. Let v be g(-6). Determine c(v).
2
Let y(t) be the first derivative of t**4/24 + t**3/3 + 15*t**2/2 - 43. Let k(j) be the second derivative of y(j). Give k(-9).
-7
Let w(q) = -q**3 - 10*q**2 - 2*q - 19. Suppose 14*d - 20*d = 3*r + 48, 0 = -2*r + 8. Determine w(d).
1
Let v be (2 - (-4)/(-1))*(-5 - -7). Let a(t) = 2*t - 1. Let l(k) = 12*k + 1. Let u(f) = v*a(f) + l(f). Determine u(-6).
-19
Let x be 3/2 + (6435/10)/(-13). Let b be (-1)/((-3 - 3)/x). Let l(o) = -o**2 - 8*o - 12. Give l(b).
-12
Let x(l) = -41*l**3 - 14*l**2 - 13*l + 10. Let z(f) = 137*f**3 + 43*f**2 + 39*f - 29. Let q(r) = 10*x(r) + 3*z(r). Let b = -7 - -19. Give q(b).
1
Let i(a) = -3*a + 3. Let z(c) = -11*c + 19. Let t(j) = -j**2 + 8*j - 21. Let y be t(6). Let w be z(y). Let g = w - 124. Calculate i(g).
21
Let s(d) = -6 + 3 + 34 - 74136*d + 74143*d. Calculate s(-4).
3
Let b be 4*-1 - (-4 + -38)/7. Suppose 4*w - b = g - 24, 0 = 2*w + 5*g + 22. Let r(s) = s**2 + 7*s + 2. Calculate r(w).
-4
Let a(i) = -3*i. Suppose 3*g + 2*g = -125. Let z(f) = -4*f**2 + 21*f + 23. Let k be z(6). Let u be 1 + (-10)/g*k. What is a(u)?
-9
Let g(h) = h + 11. Let m be (18 - 9 - 45)/((-2)/1). Suppose 0 = 2*f + a - 9, 19*f + 4*a = 14*f + m. What is g(f)?
17
Let u be (-10)/15 - (-92)/24*2. Let d(p) = 11*p - 11. Let l(a) = 5*a - 5. Let o(v) = -2*d(v) + 5*l(v). Calculate o(u).
18
Let z(j) be the third derivative of -j**5/20 - j**4/6 - 19*j**3/2 - 24*j**2. Let r(d) be the first derivative of z(d). Determine r(3).
-22
Let j(r) = 11*r + 2. Suppose -835 + 205 = -9*d. Suppose 20 = -66*k + d*k. What is j(k)?
57
Let t(h) = -31*h - 430. Let l be t(-14). Suppose d = 20*w - 15*w + l, -3*d - 3 = 0. Let n(m) = 20*m**3 + 1. What is n(w)?
-19
Suppose -5 = 63*x + 499. Let m(o) = o**2 + 8*o + 12. Determine m(x).
12
Let j(n) = n - 2. Let r be -4*(1 - 0)/((-20)/20). Suppose 20 = b + 3*d, r*b + 26 = 5*b + 5*d. Suppose -b*v + 32 = -56. Calculate j(v).
6
Let g(f) = f**3 + f**2 + 2*f - 4. Suppose 2*m + 16 = 2*w, -5*w + 3*m + 19 = -13. Let r(j) = j**3 - j + 1. Let k(s) = w*r(s) + g(s). Determine k(-2).
-32
Let f(b) = 60044*b**2 + 13 - 4*b - 6*b - 60045*b**2. Calculate f(-11).
2
Suppose -10*m + 2 = -8*m. Let c(r) = -7*r**2 + r - 8. Let k(g) = g**2 + 1. Let u(i) = m*c(i) + 6*k(i). Calculate u(2).
-4
Let d(k) = 187*k - 50*k - 58*k - 81*k - 6. Let f = 2 - 6. Give d(f).
2
Suppose -22*l + 23*l - 2*m = -33, -3*l - 39 = 4*m. Let t(j) = j**3 + 20*j**2 - 22*j + 1. Calculate t(l).
22
Let h(v) = 13*v + v**2 - 6*v + 2 + 2. Let s = -114219 - -114211. What is h(s)?
12
Let b(x) = -6*x**2 + x + 3. Suppose -3815*v = -3835*v - 60. Give b(v).
-54
Let y(l) be the first derivative of l**2/2 + 11*l + 5. Let w(x) = x**3 + 50*x**2 + 140*x - 52. Let g be w(-47). Determine y(g).
6
Let b(u) = 0 - 7 + 3 - u. Let v be (-2268)/108 + 1 + -1 + 17. Give b(v).
0
Let t(x) = x - 17*x + 8*x + 9 + 6*x. Suppose -3*l - 51 = 2*l - 3*m, 5*l = -m - 43. Let f(d) = d**2 + 7*d - 11. Let k be f(l). Give t(k).
-5
Let a(o) = o**2 + 5*o - 4. Let t(i) = -3*i**2 - 20*i - 130. Let s be t(-11). Let b = -279 - s. Determine a(b).
2
Let z(b) = 2*b - 88. Let h(m) = -2*m**2 - 81*m - 539. Let d be h(-31). Calculate z(d).
12
Let h = 3048 + -3048. Let b(n) be the third derivative of 1/12*n**4 - 15*n**2 - 2/3*n**3 + 0*n + h. What is b(6)?
8
Suppose 65 + 13 = 3*o. Suppose 4*z - d = -o, 3*d - 5 = z - 4. Let h(l) = -l**3 - 7*l**2 + 2. What is h(z)?
2
Suppose -5*y - 6 = 5*w - 101, 2*w = 4*y - 22. Let q(b) = -b**3 + 11*b**2 - 21*b + 12. Determine q(y).
-98
Let g(h) be the first derivative of -h**4/4 - h**3/3 + h**2/2 + h - 40. Let b(d) = 5*d**3 - 5*d**2 + 4*d - 4. Let w(l) = -b(l) - 4*g(l). Give w(8).
0
Let f(m) = -5*m - 2. Let u(s) = -s - 1. Let z(n) = -f(n) + u(n). Suppose -5*c + 5 = -4*j, 11*c - 6*j + 20 = 9*c. Calculate z(c).
21
Let s(h) be the first derivative of -13*h**2/2 + 3*h + 489. Calculate s(3).
-36
Let g(x) = 15 + 618*x**3 - 74*x**2 + 60*x**2 - 619*x**3 + 6*x. Determine g(-14).
-69
Let y be (-19 + 9)*8/10. Let a(j) = -14 - 10 - 8 - j + 34 - 11. Calculate a(y).
-1
Suppose 0 = 2*d - 3*b - 31, -6*d - 3*b = -7*d + 20. Suppose -d*u + 15 = -6*u. Let k(l) = -2*l - 3. Determine k(u).
-9
Let x(s) = -307*s - 4605. Let w be x(-15). Let t(u) = -1 + 0*u + 3 - u. Determine t(w).
2
Let a(l) = -4*l**3 + 5*l**2 - 8*l + 22. Let w(v) = -v**3 + 2*v**2 + v + 4. Let t(p) = a(p) - 5*w(p). Give t(6).
-40
Let a(l) = -l**2 + 6*l + 3. Let n = 18912 - 18931. Let g be (-1)/2 - (-53)/2. Let t = n + g. Give a(t).
-4
Let d(a) be the second derivative of -a**4/12 - 5*a**3/3 + 8*a**2 + 54630*a. Suppose 5*y + 33 = -27. What is d(y)?
-8
Let m = 246 + -230. Let a be ((-224)/m)/(4/(-3 + 1)). Let n(c) = c**3 - 6*c**2 - 10*c + 8. What is n(a)?
-13
Let p(z) be the third derivative of -z**5/60 - z**3/2 + 1155*z**2 + z. Let d(t) = -t**2 - t. Let x be d(0). Calculate p(x).
-3
Let q(g) = -g**2 - 19*g + 102. Let s(b) = -b**3 - 5*b**2 + 54*b + 275. Let y be s(-5). Calculate q(y).
-18
Suppose 0 = 2*s - 2*t - 115 + 99, 4*t + 20 = 0. Let h(q) = -5*q + 5. Calculate h(s).
-10
Let o = -328 + 327. Suppose -2*x - 28 = -9*x. Let m(g) = -10*g + x*g + 4*g. What is m(o)?
2
Suppose -16*b = -92 + 12. Let m(a) = -2*a**2 - 2*a + 3. Give m(b).
-57
Let n(p) = 11*p + 128. Let j be (-2*(-22)/12)/((-15)/45). Let y be n(j). Let z(h) = -h**3 + 8*h**2 - 7*h + 10. Determine z(y).
10
Let z(x) = -3*x + 7. Suppose -13*t = 131 - 937. Suppose t = 2*m + 56. What is z(m)?
-2
Let v(u) = -u**2 + 4 - 31 + 3601*u - 1819*u - 1769*u. Let q = -14 + 25. Give v(q).
-5
Let z(f) be the first derivative of -f**4/12 + 3*f**3/2 - 15*f**2/2 - 126*f - 89. Let x(m) be the first derivative of z(m). Give x(7).
-1
Let q = 259 + -247. Let v be -12 + ((-11)/(-5) - q/60). Let m(p) = -p**2 - 10*p - 5. What is m(v)?
-5
Let n(j) = j**2 + 16*j + 15. Suppose 299*k + 1466 = -1434 - 90. Determine n(k).
-45
Let f(s) = -s**3 - 49*s**2 - 48*s - 5. Let t = -10271 + 10223. Calculate f(t).
-5
Let u(j) = -2*j + 2. Let y(p) = -2*p**2 + 2*p + 7. Let f be -3*28/6 - 1/1. Let x(z) = -z**3 - 17*z**2 - 29*z + 18. Let d be x(f). Let m be y(d). Determine u(m).
12
Let q(v) = -7*v - 103. Let r be q(-15). Let p(w) = w**2 - 8*w**r + w**3 + 1 - 2 - 6*w**3 + 4*w**3. Calculate p(-3).
-37
Let g = 277 - 281. Let t be 1*g*(-33 + 32). Let m(o) = 6 - 3*o**2 + 1 - 5*o - 1 + o**3. What is m(t)?
2
Let r(p) = 25*p - 53. Suppose 0 = 25*y - 21*y - 5*g + 12, 12 = 3*g. What is r(y)?
-3
Let n(y) = y**3 - 10*y**2 + 31*y - 32. Let o(g) = g**3 + 2*g**2 + 6*g - 2. Let v(k) = -n(k) + 2*o(k). Determine v(-15).
88
Let l be 24 - -3 - (125 - 103). Let p(r) = r**2 + 2*r - 7. Let x(i) = i - 1. Let a(n) = -p(n) + 5*x(n). Determine a(l).
-8
Suppose -1 = 3*k - 4*g - 14, -7 = -2*k + g. Let c(j) = 7*j**2 - j**3 - 2*j**3 - 9*j + 5*j**k - 3*j**3. What is c(5)?
5
Let n(w) = -3*w**2 + 4*w - 2. Let j(o) = 7*o**2 - 9*o + 5. Let b(y) = -4*j(y) - 9*n(y). Suppose -2 = -17*h - 36. Give b(h).
-6
Let z(o) be the first derivative of -o**4/4 + 5*o**3/3 - o**2/2 + 6*o + 274. Suppose -5 = q, -5*w - q + 15 = q. Calculate z(w).
1
Let n(m) be the third derivative of m**6/720 - m**5/20 - 17*m**4/6 + m**3/2 - 2*m**2 - 48*m. Let i(a) be the second derivative of n(a). What is i(7)?
1
Let p(h) = -h**3 - 9*h**2 + 9*h - 5. Let o be p(-10). Suppose o*t + 2*b = -22, 7*t = 2*t - b - 21. Let f(d) = -2*d - d**3 + d - 3 + 0 - 3*d**2. What is f(t)?
17
Suppose 18*g = 14 - 14. Suppose 2*b - 11 + 3 = 0. Suppose 3*m - 5*q + 16 = 0, -3*q + b = m - g*m. Let d(t) = 2*t**3 + t**2 - 2*t - 3. Give d(m).
-11
Let m be 1/((-76)/(-388)) - 92/874. Suppose 3*o = o - 4. Let s(j) = j**2 - 5*j + 5. Let g(y) = y**2 - 6*y + 5. Let z(d) = o*g(d) + 3*s(d). Determine z(m).
15
Let v be -2 - 1 - 13/(65/(-50)). Let i(y) = -6*y**3 + 1 + 4*y**2 + y - 8*y**2 + v*y**3. Suppose -7*w - 4 = -3*n - 9*w, 0 = -5*n + 3*w + 13. What is i(n)?
-5
Let y(o) be the third derivative of -o**4/24 + 15*o**3/2 - 2*o**2 - 11*o + 20. What is y(33)?
12
Let q(k) = 257*k - 5. Let s(x) = 705*x - 15. Let n(r) = -11*q(r) + 4*s(r). What is n(1)?
-12
Let t(o) = -o**2 + 5*o - 1. Let v(f) = 7*f**2 - 16*f + 22. Let q(u) = 6*t(u) + v(u). Let s be -11 - 1 - 0/(-1). Give q(s).
-8
Suppose -2*a + 23